hat are the prime factors of f?
2, 3
Let w(g) = 3*g - 2. Let p(n) = n**3 + 4*n**2 + 3*n + 2. Let d be p(-3). Let i(v) = -3*v + 3. Let f(s) = d*w(s) + 3*i(s). List the prime factors of f(-14).
47
Let z = -49 + 64. List the prime factors of z.
3, 5
Suppose 2*s - 2896 + 342 = 0. List the prime factors of s.
1277
Let y = -757 + 484. Let f = 383 + y. Suppose 0 = 7*r - 2*r - f. List the prime factors of r.
2, 11
Let y be (3/(-2))/(15/(-2950)). Let a = y - 167. What are the prime factors of a?
2
What are the prime factors of ((-12)/(-16))/(3*4/5520)?
3, 5, 23
Suppose -3*c + 2 = 14. Let b(p) = -3*p**3 + 8*p**2 - 8*p + 6. Let h be b(3). Let q = c - h. What are the prime factors of q?
23
Let f(o) = -2 + 4 - 1 - 2 - 9*o. Let m be f(-2). Suppose 0 = -i + m + 3. What are the prime factors of i?
2, 5
Let j = 65 + 13. List the prime factors of j.
2, 3, 13
Let t = -72 - -138. Let v = t - -30. List the prime factors of v.
2, 3
Let m be 1/(-4 + (-5)/(-1)). What are the prime factors of 45 - (m - 0/4)?
2, 11
Let c(u) = u**2 - 2*u + 6. Suppose 0 = -4*b + 16, j - 2*b - 25 = -7*b. Suppose -36 = -4*a - j*f, -3*f = 4*a - f - 24. What are the prime factors of c(a)?
2, 7
Suppose -r = 3*o - 935, 30*o = 28*o - 8. List the prime factors of r.
947
Let b(j) = -j**2 - 18*j - 6. Suppose l - 55 = 5*z - 2*l, 0 = -4*z + l - 37. What are the prime factors of b(z)?
2, 37
Suppose 43*m = -3*v + 45*m + 2473, 0 = -3*v - 5*m + 2501. List the prime factors of v.
827
Let c = -103 + 148. Suppose -19 = 5*h + 2*y, -2*y + 8 = 7*h - 11*h. Let d = c + h. What are the prime factors of d?
2, 3, 7
Let y be (-10)/(-4)*(-26)/(-5). Suppose -175 = 8*r - y*r. What are the prime factors of r?
5, 7
Let p = 3 + 30. Let q = 1 + p. List the prime factors of q.
2, 17
Suppose 20 = -3*d + 29. Suppose n - 8 = -d*n. What are the prime factors of n?
2
Let n(f) = f - 10. Let g be n(6). What are the prime factors of (g + -1 + 128)*1?
3, 41
Suppose 5*f - 99 = -369. Let o = f + 86. List the prime factors of o.
2
Suppose -7*x = -0*x. Suppose k + p + 98 = x, 3*k + k = -5*p - 391. List the prime factors of 1/(-4) - k/44.
2
Let u = 151 - -64. What are the prime factors of u?
5, 43
Let a(j) = 7*j**2 - 3*j - 2. Let l be a(-3). Suppose 0 = 4*y - p - 78 - 62, -4*p = 2*y - l. List the prime factors of y.
5, 7
Let u = 13 - -12. What are the prime factors of 545/u - (-3)/15?
2, 11
Let o be ((-15)/42 + (-2)/14)*-250. Suppose 4*w - o = 3*r - 709, -5*w - 970 = -5*r. List the prime factors of r.
2, 3
Suppose -5*k - 5*d = -10*d - 60, 0 = 5*d + 25. Suppose 334 = k*f - 373. What are the prime factors of f?
101
Suppose 2*z + 2*z = 20. Suppose z*p - 82 = -f, 4*p - 45 = 3*f + 13. List the prime factors of p.
2
Let d be (-2 - (2 - 5)*1)*-8. What are the prime factors of 2*2*-2*d*2?
2
Let v(l) = -101*l - 2. List the prime factors of v(-3).
7, 43
Let l(x) = -13*x**2 + x - 1. Let f be l(1). Let a = -7 - f. Let w = a + 0. List the prime factors of w.
2, 3
Let o = 13 + -11. Suppose 2*z + 5*l - 106 = 0, 3*l = 3*z + o*z - 203. What are the prime factors of z?
43
Let y(k) be the third derivative of -k**4/3 + k**3/3 - 9*k**2. List the prime factors of y(-4).
2, 17
Let z = 303 - 46. Let i = -95 + z. List the prime factors of i.
2, 3
Suppose -3*h + 11 = 8. Let s be h/(10/(-6) - -2). Suppose -2*u + 195 = s*u. What are the prime factors of u?
3, 13
Let y be (8/(-5))/((-2)/80). Suppose r + 2*r + 93 = 2*m, m - y = 5*r. What are the prime factors of m?
3, 13
Let w = 781 + -694. What are the prime factors of w?
3, 29
Let o = 0 + 2. Let d(v) = 7*v**2 - 3*v - 2. Let u be d(o). What are the prime factors of u/(-6)*99/(-5)?
2, 3, 11
Suppose 13*r - 2712 = 3073. List the prime factors of r.
5, 89
Let k = -30 + 33. Suppose k*a - 372 = -a. List the prime factors of a.
3, 31
Let q be ((-4)/14)/(8/(-112)). Suppose -r - 53 = -5*y + 437, -q*y + 2*r = -386. What are the prime factors of y?
3, 11
Let y = -84 - -80. Let n = 6 + y. List the prime factors of n.
2
Suppose 875 = 3*d - 8*p + 7*p, 2*d + 4*p - 588 = 0. What are the prime factors of d?
2, 73
Let u(b) = b**2 + 7*b - 8. Let g be u(5). Suppose 0 = -2*k - p + g, 4*k + p - 40 = 60. List the prime factors of k.
2, 3
Suppose -5*m = -0*m. Suppose -4*w + 128 = 2*y + 2*y, m = 2*y - 5*w - 71. Suppose -r = -0*r - y. List the prime factors of r.
3, 11
Suppose 4*t + t = -150. Let w be 1*((-1 - 0) + -63). Let g = t - w. What are the prime factors of g?
2, 17
Let q(g) = 237*g**2 + 33*g - 4. List the prime factors of q(-4).
2, 457
Let a(o) = 23*o**2 - 28*o - 29. List the prime factors of a(11).
2, 1223
Suppose -t = -c - 410, 2*t + c = -c + 820. List the prime factors of t.
2, 5, 41
List the prime factors of (-76)/133 - 106*(-127)/14.
31
Suppose 16*h - 19*h = 4*t - 5658, 4*h = -4*t + 7540. What are the prime factors of h?
2, 941
Suppose 2*s + 192 = -3*k + 5*s, -187 = 3*k - 2*s. Let j = k - -83. List the prime factors of j.
2, 3
Suppose 4*l - 28 = -0*c - 4*c, l = -3*c + 17. Suppose 0 = l*r - 5*r + 123. Suppose w - y - 22 = 0, -2*w + 2*y + 3*y + r = 0. What are the prime factors of w?
23
Let l(j) = -7*j**3 - 5*j**2 - 4*j + 3. List the prime factors of l(-5).
773
Let r(b) = b**2 - 12*b + 12. Let j(v) = -v**3 - v**2 + 3*v + 2. Let l be j(-3). Let k be r(l). List the prime factors of ((-7)/2)/(k/(-6)).
3, 7
Suppose 0*h + 9874 = 5*h + 2*r, 4*r = h - 1966. What are the prime factors of h?
2, 3, 7, 47
Suppose 0 = -9*y + 11*y - 184. Let j = y - 8. Let d = j - 8. List the prime factors of d.
2, 19
Suppose 7*y + 2 = 8*y. Suppose 4*w - 3*t - 110 = 0, 0 = 2*w + y*w - 4*t - 108. List the prime factors of w.
29
Suppose -9562 + 1567 = -15*o. List the prime factors of o.
13, 41
Let v = -5368 - -8471. List the prime factors of v.
29, 107
Let x(z) = z**2 - 5*z + 4. Let q be x(5). Suppose 5*t = -2*v + 178, 4 = q*t - v - 128. What are the prime factors of t?
2, 17
Suppose -335 = -o - 4*o. Suppose 0*a + a - o = 0. Suppose 2*b + 2*b = v + a, 3*b = -4*v + 36. What are the prime factors of b?
2
Let i(m) = 2*m - 3*m**2 - 6*m**2 + 1 + 3*m**3 + 5*m**2. List the prime factors of i(2).
13
Let t = -708 + 2680. What are the prime factors of t?
2, 17, 29
Let j(g) = g - 2. Let n be j(11). Let f = 11 - n. Suppose -o - 68 = -3*z, f*o = -4*z - 3*o + 116. List the prime factors of z.
2, 3
Suppose q = -41 + 322. What are the prime factors of q?
281
Suppose -2106*z = -2113*z + 1701. What are the prime factors of z?
3
Suppose -1 - 131 = -3*s. Suppose y = -3*x + 247, y - s + 133 = x. Suppose 0 = f - 5*f + x. List the prime factors of f.
3, 7
Let k(w) = 1225*w**2 + w + 3. What are the prime factors of k(-1)?
3, 409
Let a be 770/(-2)*1/(-1). Suppose j = -2*s + a, -3*s + 164 = -j - 421. List the prime factors of s.
2, 97
Suppose -w = -5*w + 20. Suppose -z = -w*k - 53, 0*z = 4*z + 2*k - 300. What are the prime factors of z?
73
Let b(x) = x**3 - 12*x**2 + 20*x + 2. Let o be b(10). Suppose 7 = l - 3*s - 43, -o*s + 100 = 2*l. What are the prime factors of l?
2, 5
Let x be (-2)/7 + 1695/(-21). Let z = -37 - x. Let i = z - 13. What are the prime factors of i?
31
Let t be (-20)/(-70) - (-38)/14. Let x(g) = g - 2. Let b(v) = -3. Let c(n) = -4*b(n) + 5*x(n). What are the prime factors of c(t)?
17
Let w = -104 + 398. What are the prime factors of w?
2, 3, 7
Suppose -2 + 0 = o, -2 = k + 3*o. Suppose s + 95 = 4*j, 4*s - 55 = -3*j + 21. Suppose 5*m = 3*q, -k*q - 4 = -j. List the prime factors of m.
3
Let v be (10/(-4) + 2)*72/(-9). Suppose 30 = -v*c + 4*r + 370, -5*r = 5. What are the prime factors of c?
2, 3, 7
Let i = -671 + 1212. List the prime factors of i.
541
Suppose 25*r = 1423 + 10452. List the prime factors of r.
5, 19
Let v = 10 - -6. Let b be v/12*(5 - 2). Let g(p) = 3*p + 5. List the prime factors of g(b).
17
Let z = -11 + 5. Let x be (-5)/((-4 - z)/(-52)). Let h = x + -62. List the prime factors of h.
2, 17
List the prime factors of (-4 + (-14190)/18)*(-1 - 2).
2377
Let y = 21 + -31. Let k(m) = -m**3 - 7*m**2 + 8*m. Let q be k(y). Let f = q + -149. List the prime factors of f.
71
Let g = -18 - -18. Suppose g = v + v - 32. What are the prime factors of v?
2
Suppose 5*u - 15 = 15. Let f = -6 + u. Suppose f*j + 3*j = 15. What are the prime factors of j?
5
Let m(t) = -t**2 + 16*t - 23. Let k be m(25). Let b = -41 - k. List the prime factors of b.
3, 23
List the prime fac